-1 + 0 + -21 + 12 - 5.
-1
Evaluate -10 - (-16 + 15 - 1).
-8
Calculate -3 + (13 - 11) + (3 - -6).
8
Calculate 9 - (0 - (10 - 7 - 6)).
6
Calculate -2 - -6 - (-11 + 14 + 11).
-10
What is -5 + 7 + (3 + 6 - -4) - 8?
7
(5 + -6 - -3) + -9 - -21
14
Evaluate (1 - 0) + 3 + (-48 - -3 - -8).
-33
-4 + (3 + -4 + 0 - -21)
16
What is the value of -20 + (-13 - -29) + 9?
5
20 + (9 - (-9 - (6 + -25)))
19
What is -1 + 0 + -5 + -9 + 9?
-6
Evaluate -22 + 23 + -4 + 0 - -1 - 10.
-12
24 + -18 - 13 - 5
-12
467 - 471 - (-1 + 0 + (4 - 2))
-5
What is the value of 16 - (33 + -19 + 1)?
1
What is -9 + 2 + -6 + 17 - (-32 + 23)?
13
What is the value of -18 + 2 + (-41 - (-11 - 23))?
-23
Evaluate 18 + -3 + -9 + (-3 - 9).
-6
What is the value of -13 - ((-6 - 6) + 6) - -6 - 9?
-10
What is the value of 38 - (-20 - -31 - -6)?
21
(5 + (9 - -5) - 12) + -5
2
Evaluate -29 - -23 - (-3 - (4 - (1 + -5))).
5
-5 - (-1 - -4 - -1 - 3)
-6
What is the value of (16 - 29) + 1 + 4 + 2?
-6
(2 - 7) + 1 + (-23 + 3 - -6)
-18
What is (0 - 5) + -27 + 3 - -6?
-23
Evaluate -499 + 504 - (-6 - 0).
11
Calculate (-12 - (-14 - -4 - -14)) + 1 + 0.
-15
Calculate 6 + -8 + 0 + 12 + (-10 - -6).
6
What is 1 - -9 - (15 + 17 + -39)?
17
What is the value of -3 + (-1 - (6 - (0 + 10)))?
0
What is (-14 - (4 + -2) - 1) + 0?
-17
What is 69 + -29 + (-5 - -16) + -13?
38
What is the value of 2 + (-5 - (15 - 5)) + 4 + 9?
0
What is 9 - (8 - (-1 - (-6 + -2)))?
8
What is (0 + 0 - (-4 + 21 - 5)) + 7?
-5
What is the value of -5 + 3 + 26 - (-8 + 11)?
21
What is (-12 - 1) + 5 + -1 + -31 + 37?
-3
What is the value of -5 - (5 - (-5 + 1)) - -21?
7
Calculate -7 - (-11 + (7 - 6)).
3
1550 + -1544 - (-1 + 0)
7
What is the value of 7 + -3 - (-8 - -25 - 0)?
-13
What is the value of 3 + -1 - -2 - (-24 - -2 - 8)?
34
Evaluate -9 + (-12 - -18) - 10.
-13
What is 31 + -29 + 21 + -13?
10
What is 2 + -5 + -10 + 30?
17
What is -3 + 1 + 0 + -18 + 11 + -6?
-15
Evaluate -51 + 32 + 0 + -2 + 5.
-16
What is the value of -8 - (9 + -3 + -4)?
-10
What is -1 + 4 + -7 + 2 + 6 + 5?
9
What is -36 - ((-25 - -13) + -1 + 4)?
-27
What is -1 + 6 - 0 - 0 - 1?
4
What is -17 - 10 - -38 - (-11 + 1)?
21
Calculate -4 + -3 - (-15 + 5 + -4 + -2).
9
Evaluate -11 + -2 - -3 - -11.
1
What is 16 + (11 - 26) + 2?
3
What is the value of (234 - 235 - (-4 + (-2 - -1))) + 23?
27
What is -115 + 116 + 1 + 1?
3
17 - 1 - -2 - (-31 + 66 + -32)
15
Calculate 26 - (6 + 10 - -36).
-26
What is (41 - 66) + -1 + 22?
-4
What is the value of -1447 - -1449 - ((1 - -1) + 4)?
-4
What is -41 - (-4 - -3 - -4 - (73 - 65))?
-36
What is -2 - (-14 + 19 + -13)?
6
What is the value of (-7 - (-9 + 7)) + (-3 - (-1 - 19))?
12
What is the value of 30 + -13 + 7 + 2 + -7?
19
21 + (-14 - 4) - -3
6
-4 + 12 + -12 - 2 - 8
-14
Evaluate (3 - -5) + (-2 - -1) + (191 - 168).
30
What is 6 - ((1 - 0) + 0 - (-51 - -27))?
-19
-1927 + 1935 - (32 + 1 - 0)
-25
Calculate (3 - (-10 + (-17 - -58))) + -8.
-36
(-21 - 4 - -36) + 0
11
What is 7 + -7 + -6 - -19?
13
Evaluate 1 - (-2 + -2 + 0 - 0 - 5).
10
What is -12 - (5 + -2) - (-43 + 5)?
23
(6 - -2) + (-24 - -7) + -6
-15
-5 + (6 + -1 - 2)
-2
What is (6 - (3 - 4)) + (-4 - 13)?
-10
What is the value of -26 + (15 - (7 - 9))?
-9
(-25 - -53) + -16 + -9
3
Calculate -33 - (-16 + -19) - (0 - 6).
8
-5 - -12 - (1 + -1 + 14) - 5
-12
Evaluate 0 - 1 - (-16 - 3 - -11) - -15.
22
Evaluate (-29 - 1 - -18) + (3 - 9).
-18
Evaluate -1 + -14 + -32 + 27.
-20
5 - (-12 - -3 - -3 - (4 + -2))
13
What is the value of -19 - (4 + -5 + (27 - 35))?
-10
What is 1 - 10 - (-13 - (18 + -26) - -16)?
-20
Calculate 3 + -21 + (7 - 19 - -5).
-25
Calculate 2 + -15 + 7 + 0.
-6
Evaluate -3 - ((32 + 4 + -6 - 6) + -3).
-24
0 + 3 - (-3 - -6 - -5)
-5
22 - ((490 - 482) + 0 + -1 + 2)
13
What is the value of 13 + -39 + 3 + 6 + 6 + 0?
-11
What is -7 + (10 - -8) + -12 + -1 + -8?
-10
15 + 23 + -23 + 0 + -1 + 0
14
What is (-2 - -4 - (14 + -13)) + -4?
-3
Calculate 12 + 3 - (18 + 9 + -20 + -1).
9
(-114 - -158) + -21 + -5
18
(1 - -9) + 33 + -56
-13
What is the value of 7 - (-55 + 51 - (18 + -6))?
23
What is the value of -2 + 4 - (-2 + -12 + -6 + -1)?
23
What is -2 + 15 - (-23 + 47)?
-11
Evaluate (-3 + -4 - -9 - (5 - 2)) + -15.
-16
What is -16 - (16 + (-25 - 16))?
9
-2 + 2 + (1 - 10 - -6)
-3
What is -30 - (-44 - -33) - -2?
-17
What is the value of -3 + 4 + ((4 - 7) + 1 - -2)?
1
What is the value of (-16 - -19) + 15 + -31?
-13
-16 - -3 - ((0 - -10) + -5)
-18
What is the value of 26 + -11 - (-14 - (-1 - 61))?
-33
Calculate -57 + 22 - (-5 + -16).
-14
Evaluate 32 + -14 - -6 - 10.
14
What is the value of (3 + -11 - (-9 - (-10 + -1))) + 5?
-5
Calculate 633 + -651 - (-3 - 4).
-11
Calculate -8 + (-53 + 33 - -20).
-8
Calculate (3 - -2 - 5) + (-2 - (15 - 9)).
-8
Calculate -3 + (10 - 7) + 2 + 9.
11
Calculate -27 - (-13 + (16 - 8) + -6).
-16
Calculate 1 - -8 - (-33 - (-63 + 0)).
-21
What is the value of 17 + -2 - (110 + -100) - -19?
24
What is the value of -9 - (4 + -3) - (-10 + (2 - -9))?
-11
What is the value of -23 + 17 + -7 + 8?
-5
What is the value of (0 - -3) + (7 - -1) + -33 + 28?
6
What is the value of (19 + -11 - (4 + -1)) + (8 - 1)?
12
What is 89 - 47 - 61 - -32?
13
(53 - 52) + (-25 - -22)
-2
Calculate 5 + (3 - 20) - (-3 + -3) - 1.
-7
-19 + 9 - -4 - 9
-15
-10 + (-13 - (-23 + 5))
-5
What is the value of 17 + (17 - 31) + -13?
-10
What is (19 - 3) + -12 + -8?
-4
7 + -6 - (-8 - (8 - 9))
8
Calculate -48 + (2 - -1) + 5 + 13.
-27
(-2 - 1) + (10 - ((11 - -3) + -7))
0
What is -105 + 126 + (-37 - 1)?
-17
Evaluate 37 + -14 + -31 + -6.
-14
What is the value of 13 + -8 - (-3 + 4) - (7 + -1)?
-2
What is 125 - 135 - (4 - 45)?
31
18 - ((42 - -1) + 33 + -23)
-35
What is (-16 - (-27 + -11)) + -33?
-11
What is the value of (12 - (8 + -3)) + -6?
1
-5 + 10 - (1 + 6 - -12)
-14
What is (-2 - -2) + (29 - 23) + (0 - 2)?
4
What is the value of -2 - 3 - -4 - 12?
-13
What is -17 + (9 - -12) + 0 + (-3 - -2)?
3
Evaluate -14 - (1 + -6 - -10 - 9 - 5).
-5
Evaluate 6 + -13 - -5 - (3 + 0).
-5
-14 + -13 + (1 - -14)
-12
What is the value of -6 - 0 - (-7 - 5 - -10)?
-4
What is 9 + -4 + -5 + 9 + (4 - 20)?
-7
-3 + 9 + -16 + 8
-2
Evaluate -8 - (-1 - (1 + (-3 + -3 - -7))).
-5
Evaluate 27 + (1 - (-4 + 2)) + 224 + -224.
30
What is 15 + -33 + -3 + (0 - -1)?
-20
Calculate 0 + (2 - 3) + 2 + 0.
1
Calculate (1121 - 1135) + (2 - (-2 - 4)).
-6
What is -14 + 0 + (79 - 72)?
-7
(918 - 898) + (-8 - -1)
13
Calculate 3 - (4 + -4 - 4) - (24 + -31).
14
Evaluate -18 + -3 + 2 + 6 + 4.
-9
What is the value of (4 - 12 - -17) + 0 - 6?
3
What is -33 - (-13 + -56) - 36?
0
What is the value of 11 - (9 - 10) - 24?
-12
Calculate 21 + -14 + (-2 - 3 - (4 - 15)).
13
Calculate 15 + (1 - 0 - (-548 - -541)).
23
What is the value of (23 - (50 + -20)) + 0?
-7
What is 18 + 1 + 73 + -88?
4
Calculate 3 + (-3 + 9 - (3 - -10)) + 8.
4
7 - (15 - (20 - 3))
9
What is the value of (4 - -5) + -3 + 22 + (-1 - 6)?
21
Calculate 13 - 1 - (-8 + 0 + 8).
12
What is -29 + (-23 - -50) + -9?
-11
((8 - 6) + 1 + -5 - -4) + 16
18
Evaluate 5 + 3 + 0 + -5 + 7 - 6.
4
What is the value of -15 + 2 + (-19 - (-5 + -2) - -4)?
-21
What is the value of 38 + (1 + -3 - 11 - (-161 - -156))?
30
Calculate -9 - ((-37 - -30) + (0 - -6) + -28).
20
Calculate -4 - -1 - -3 - 19 - (58 - 54).
-23
What is (7 - -1) + -11 + (12 - 16)?
-7
Evaluate 2 + (-5 - 12) - (-11 - -5 - -6).
-15
What is the value of 23 + -47 - -19 - (0 + -7)?
2
-39 + (63 - 32 - -10)
2
What is the value of 18 + -29 + 12 - -8?
9
What is the value of 12 - (-10 - (4 - 15) - -5)?
6
Calculate -8 + 24 + -4 + -9 - 8.
-5
(1 - (-8 + 21 + 1)) + -10
-23
Evaluate 8 - ((-11 - -1) + 6) - (15 - 33).
30
Evaluate 2 + 5 - (-9 + 39).
-23
28 + -21 - -10 - 49 - (-2 + -8)
-22
What is -4 - (4 - 25) - 32?
-15
Calculate -28 + (13 - (5 + 2)).
-22
What is the value of 0 - 23 - (-506 - -479)?
4
Calculate -6 + (3 - -13) + 11.
21
Evaluate 5 - -3 - (-17 + 5 + 26 + 7).
-13
What is -11 + 4 + 4 - (-9 + 34)?
-28
What is the value of 1 + 2 + 2 + 10 + 1 + -10?
6
What is the value of 3 - (-5 - (-5 + -7 + 0))?
-4
5 - (-10 - (18 - -11)) - 9
35
What is the value of (-15 - -19) + -3 + -6 + 0?
-5
What is (-1 - 6) + (15 - -2)?
10
Evaluate (-383 - -387) + (17 - 3) + 3.
21
Calculate -2 + 3 + -8 + -5 + 3.
-9
Calculate -1 - ((15 + -6 - (2 + 2)) + -4).
-2
What is 2 + -5 - (9 + 9 + (-12 - 9))?
0
Calculate 10 - 28 - -10 - (-10 + 28).
-26
What is the 